me factors of 175578?
2, 3, 13, 2251
What are the prime factors of 564403?
7, 80629
List the prime factors of 65447.
65447
What are the prime factors of 2973473?
227, 13099
What are the prime factors of 2383462?
2, 1191731
What are the prime factors of 132976?
2, 8311
List the prime factors of 764207.
53, 14419
List the prime factors of 2430213.
3, 810071
What are the prime factors of 93731?
11, 8521
What are the prime factors of 8281283?
19, 435857
What are the prime factors of 273898?
2, 136949
List the prime factors of 174906.
2, 3, 41, 79
What are the prime factors of 2996388?
2, 3, 83233
What are the prime factors of 1167554?
2, 583777
What are the prime factors of 864112?
2, 53, 1019
List the prime factors of 111701.
19, 5879
What are the prime factors of 36083661?
3, 12027887
What are the prime factors of 736461?
3, 11, 43, 173
List the prime factors of 491896.
2, 61487
What are the prime factors of 53952?
2, 3, 281
What are the prime factors of 3464825?
5, 7, 13, 1523
List the prime factors of 972448.
2, 30389
What are the prime factors of 1781867?
1013, 1759
What are the prime factors of 4034943?
3, 11, 53, 769
List the prime factors of 1065998.
2, 532999
What are the prime factors of 144799?
19, 7621
What are the prime factors of 4748153?
4748153
List the prime factors of 2081096.
2, 260137
List the prime factors of 878157.
3, 7, 53, 263
What are the prime factors of 293586?
2, 3, 167, 293
List the prime factors of 612017.
7, 17, 37, 139
What are the prime factors of 11369939?
7, 1624277
List the prime factors of 7355243.
7, 150107
What are the prime factors of 187624?
2, 47, 499
What are the prime factors of 336780?
2, 3, 5, 1871
List the prime factors of 250527.
3, 37, 61
What are the prime factors of 4897211?
11, 347, 1283
What are the prime factors of 481095?
3, 5, 10691
List the prime factors of 8666726.
2, 4333363
What are the prime factors of 71201?
13, 5477
List the prime factors of 8786.
2, 23, 191
List the prime factors of 23573145.
3, 5, 61, 25763
List the prime factors of 1697578.
2, 848789
List the prime factors of 60143.
137, 439
What are the prime factors of 454487?
11, 79, 523
What are the prime factors of 4837529?
109, 44381
What are the prime factors of 1945925?
5, 277, 281
What are the prime factors of 780864?
2, 3, 7, 83
What are the prime factors of 1619467?
379, 4273
List the prime factors of 1084296.
2, 3, 45179
List the prime factors of 744032.
2, 23251
What are the prime factors of 1111209?
3, 11, 151, 223
What are the prime factors of 18155066?
2, 47, 193139
What are the prime factors of 15620?
2, 5, 11, 71
List the prime factors of 1641791.
31, 211, 251
What are the prime factors of 1360570?
2, 5, 136057
What are the prime factors of 1101614?
2, 67, 8221
What are the prime factors of 243825?
3, 5, 3251
What are the prime factors of 53180?
2, 5, 2659
What are the prime factors of 9617107?
9617107
What are the prime factors of 99892?
2, 13, 17, 113
List the prime factors of 7647.
3, 2549
What are the prime factors of 146622?
2, 3, 7, 3491
What are the prime factors of 9744552?
2, 3, 41, 3301
List the prime factors of 2781054.
2, 3, 17167
What are the prime factors of 11289958?
2, 37, 152567
What are the prime factors of 6077941?
157, 38713
What are the prime factors of 2648477?
13, 41, 4969
List the prime factors of 3469689.
3, 107, 1201
What are the prime factors of 2866429?
2866429
What are the prime factors of 275059?
275059
What are the prime factors of 325552?
2, 20347
List the prime factors of 139457.
139457
List the prime factors of 36757.
7, 59, 89
What are the prime factors of 4358270?
2, 5, 7, 23, 2707
List the prime factors of 207575.
5, 19, 23
List the prime factors of 132254.
2, 89, 743
What are the prime factors of 992114?
2, 233, 2129
List the prime factors of 7268009.
7, 29, 35803
List the prime factors of 169125.
3, 5, 11, 41
What are the prime factors of 8901?
3, 23, 43
What are the prime factors of 504379?
504379
What are the prime factors of 4989949?
4989949
List the prime factors of 26365265.
5, 5273053
List the prime factors of 5206525.
5, 208261
List the prime factors of 1650512.
2, 43, 2399
What are the prime factors of 1336944?
2, 3, 7, 23, 173
What are the prime factors of 7274015?
5, 7, 37, 41, 137
What are the prime factors of 12033540?
2, 3, 5, 66853
What are the prime factors of 310156?
2, 7, 11, 19, 53
List the prime factors of 467091.
3, 51899
What are the prime factors of 29975852?
2, 271, 27653
List the prime factors of 105155.
5, 21031
List the prime factors of 2083894.
2, 17, 61291
List the prime factors of 3707531.
23, 331, 487
List the prime factors of 367501.
367501
What are the prime factors of 250750?
2, 5, 17, 59
What are the prime factors of 359067?
3, 119689
What are the prime factors of 3237370?
2, 5, 523, 619
What are the prime factors of 105466?
2, 52733
What are the prime factors of 8997008?
2, 562313
List the prime factors of 1557220.
2, 5, 7, 227
List the prime factors of 1227610.
2, 5, 122761
What are the prime factors of 573847?
573847
What are the prime factors of 15150171?
3, 149, 33893
What are the prime factors of 24691566?
2, 3, 163, 25247
What are the prime factors of 2142533?
2142533
What are the prime factors of 59650?
2, 5, 1193
List the prime factors of 3920855.
5, 784171
List the prime factors of 5961790.
2, 5, 596179
List the prime factors of 6846.
2, 3, 7, 163
What are the prime factors of 395456?
2, 37, 167
What are the prime factors of 15255372?
2, 3, 11, 115571
What are the prime factors of 3090697?
3090697
List the prime factors of 276546.
2, 3, 46091
What are the prime factors of 19453486?
2, 13, 748211
List the prime factors of 149839.
149839
What are the prime factors of 651619?
613, 1063
What are the prime factors of 2323537?
257, 9041
What are the prime factors of 1236454?
2, 618227
What are the prime factors of 184458?
2, 3, 71, 433
What are the prime factors of 87679?
87679
What are the prime factors of 2412026?
2, 1206013
List the prime factors of 287279.
287279
List the prime factors of 257936.
2, 7, 47
What are the prime factors of 498490?
2, 5, 79, 631
What are the prime factors of 395789?
19, 37, 563
What are the prime factors of 406883?
406883
What are the prime factors of 108342?
2, 3, 13, 463
List the prime factors of 3448956.
2, 3, 7, 19, 2161
What are the prime factors of 1946367?
3, 216263
What are the prime factors of 43723?
23, 1901
What are the prime factors of 5129654?
2, 67, 38281
List the prime factors of 1420262.
2, 79, 89, 101
List the prime factors of 93020.
2, 5, 4651
What are the prime factors of 470632?
2, 89, 661
List the prime factors of 1726794.
2, 3, 23, 43, 97
What are the prime factors of 691864?
2, 197, 439
List the prime factors of 328687.
328687
List the prime factors of 1059538.
2, 67, 7907
List the prime factors of 21655518.
2, 3, 17, 29, 7321
List the prime factors of 176005.
5, 35201
What are the prime factors of 2889940?
2, 5, 144497
List the prime factors of 54845.
5, 7, 1567
List the prime factors of 779939.
779939
What are the prime factors of 272183?
272183
What are the prime factors of 1717382?
2, 858691
What are the prime factors of 937496?
2, 7, 16741
List the prime factors of 1267128.
2, 3, 17599
What are the prime factors of 225744?
2, 3, 4703
What are the prime factors of 1426030?
2, 5, 59, 2417
What are the prime factors of 4345674?
2, 3, 167, 4337
What are the prime factors of 165312?
2, 3, 7, 41
What are the prime factors of 1333004?
2, 17, 19603
List the prime factors of 398285.
5, 79657
What are the prime factors of 103074?
2, 3, 41, 419
List the prime factors of 4883692.
2, 11, 17, 6529
List the prime factors of 249222.
2, 3, 73, 569
What are the prime factors of 128299?
17, 7547
List the prime factors of 1251757.
13, 96289
List the prime factors of 89882.
2, 13, 3457
What are the prime factors of 1171136?
2, 29, 631
What are the prime factors of 393884?
2, 59, 1669
What are the prime factors of 1458816?
2, 3, 29, 131
List the prime factors of 2593494.
2, 3, 149, 967
What are the prime factors of 14440258?
2, 7, 1031447
List the prime factors of 74118.
2, 3, 11, 1123
List the prime factors of 663124.
2, 7, 11, 2153
What are the prime factors of 4764265?
5, 11, 29, 103
What are 